 Calculate the highest common divisor of v and t.
2
Let x = 146 - 131. What is the highest common divisor of 10 and x?
5
Let h be (3 - (-108)/(-20))*25/(-2). What is the highest common divisor of h and 10?
10
Let u be ((-4)/4)/((-1)/5). Let h be u + -8 + 22 + -2. Calculate the greatest common factor of h and 34.
17
Suppose 0 = s - 3*s + 216. Suppose -3*z + s = z. Suppose -3*o - 5 = -3*r + 13, -2*o = -6. Calculate the greatest common divisor of r and z.
9
Suppose 3*f - 72 = 3*z, 4*f + 2*z + 0*z - 120 = 0. What is the highest common factor of 21 and f?
7
Suppose 4*f - 223 = 65. Calculate the highest common factor of f and 9.
9
Let r(p) = 25*p - 20. Let a be r(8). Calculate the highest common divisor of 20 and a.
20
Let c = -28 + 40. Suppose b - 3*q = 2*b - c, -3 = -3*q. Let t = -27 - -63. Calculate the highest common divisor of b and t.
9
Let g(m) = -m**2 + 13*m + 9. Let n be g(11). Suppose 11 = -y + n. What is the highest common factor of 4 and y?
4
Let v = 65 + 97. Let b(f) = -f - 1. Let h(a) = 7*a - 1. Let s(j) = -5*b(j) - h(j). Let z be s(-6). What is the greatest common divisor of z and v?
18
Let x be (-15)/(-2)*-5*(-20)/75. Let v(p) = -p**2 - 7*p. Let j be v(-5). Calculate the highest common divisor of x and j.
10
Let o be (4 - 1)/((-9)/(-6)). Suppose -3*c - x + 98 = 0, -c - o*x = 2*x - 29. Calculate the greatest common factor of 11 and c.
11
Let w = -59 + 105. Let f = w + 242. Suppose 0 = -3*l - l + f. What is the greatest common divisor of l and 8?
8
Let m = 8 - 5. Suppose -m*i = -0*i - 72. What is the highest common factor of 12 and i?
12
Let x(m) = m + 15. Let h be x(7). What is the highest common factor of h and 242?
22
Suppose -4*g + 1754 = -1590. Suppose o = -3*o + g. What is the highest common divisor of 19 and o?
19
Suppose 0 = 5*o - 5, 269 - 87 = 5*k - 3*o. Let g = 59 - k. Suppose 0*l + 3*a + 50 = 4*l, 0 = -3*l + 2*a + 37. What is the greatest common factor of g and l?
11
Suppose 3*p + 92 = -p. Let y = p - -38. Calculate the highest common divisor of 15 and y.
15
Let y be -3 - (-1)/((-2)/(-54)). Let q = -20 + 32. Calculate the greatest common divisor of y and q.
12
Let r(o) = -o**3 + 9*o**2 - 6*o - 12. Let n be r(8). What is the greatest common factor of 8 and n?
4
Let y = 0 - -2. Suppose -4*t - 99 = -y*x - 23, 5*t = 5*x - 175. Calculate the greatest common divisor of x and 80.
16
Suppose 3*y + 5*l = 7, 0 = y - 4*l - 5 - 3. Let i be 1 - 1/((-1)/y). What is the highest common factor of i and 2?
1
Let f(d) = d**2 + 3*d - 6. Let a be f(-5). Suppose 3*t + 14 = a*x, t = -4*x - 0*t + 6. What is the highest common factor of x and 8?
2
Suppose 9*q - 8 = q. Calculate the greatest common factor of 11 and q.
1
Suppose 6*x - 26 = 154. Let d = -1 + 13. Calculate the greatest common factor of d and x.
6
Let p be (-18)/((1 + 0)*-1). Suppose -x = -4*x + p. Let b be ((-4)/x)/((-2)/30). Calculate the highest common divisor of b and 20.
10
Let p(z) = z**2 + 11*z - 28. Let k be p(-15). Calculate the greatest common factor of 8 and k.
8
Let k = 159 - 151. What is the greatest common divisor of k and 2?
2
Let h = -27 + 50. What is the greatest common divisor of 161 and h?
23
Suppose 5*o + 28 = 343. Suppose -3*u + 20 = -4. Let y be (-3 + 2)/(-1) + u. What is the highest common divisor of o and y?
9
Let j(l) = 2*l**2 - 11*l + 6. Let g be j(7). Calculate the highest common factor of g and 3.
3
Let m be -1 + 2/2 - -9. Let w = 4 - m. Let d(g) = g**3 + 6*g**2 + 5*g + 6. Let f be d(w). What is the greatest common factor of f and 2?
2
Suppose 0 = -5*i - 2*z + 15, 7*z - 2*z = -3*i + 28. Let c be (i*-1)/(5/(-95)). Calculate the highest common factor of c and 19.
19
Let f(s) = -3*s**2 + 0*s + 6 + s**3 + s - 2. Let n be f(3). Suppose 4*i = -4*k + 144, -4*i + n*i = 2*k - 67. What is the greatest common divisor of 5 and k?
5
Let c(d) = d**2 + 19*d + 7. Let m be c(-20). Let g = -5 - -14. Calculate the highest common divisor of m and g.
9
Let m = 243 - 148. Suppose 0 = j + j - 4. Suppose j*d = -n - 4*n + 86, -80 = -2*d - 2*n. What is the highest common divisor of m and d?
19
Suppose 0 = 5*y + 2*j - 147, -y - 4*j + 2*j = -23. What is the highest common factor of y and 31?
31
Let z(k) = -9*k + 9. Let p be z(-4). Suppose d + d + 2 = 0. Let x be (-3)/2*6*d. What is the highest common divisor of x and p?
9
Suppose l = 3*l - 162. Let g be 51 + 21/(2 + 5). Calculate the greatest common divisor of g and l.
27
Suppose 0*x = x - 3. Suppose -3*j + x = -0*j, -4*a = -4*j - 524. What is the greatest common factor of a and 12?
12
Let k(x) = 3*x**2 + 3*x + 4. Let s be k(-4). Calculate the greatest common factor of 8 and s.
8
Let s = -22 + 33. Calculate the greatest common divisor of 22 and s.
11
Let n(w) = w**3 + 12*w**2 - w + 6. Let j be n(-12). Calculate the greatest common factor of 12 and j.
6
Let n be 2/3 - 20/30. Let h be 324/(-9)*(-1 + n). What is the highest common divisor of 54 and h?
18
Suppose 0 = 4*p + 2*u + 104, -p = -3*p - 3*u - 52. Let z = p + 44. Calculate the highest common factor of 27 and z.
9
Suppose 12*i - 7*i - 1925 = 0. What is the greatest common factor of i and 35?
35
Let f(a) = a**3 + 15*a**2 - 37*a - 21. Let s be f(-17). Calculate the greatest common divisor of s and 15.
15
Let n(o) = 2*o**2 + 3*o - o + 3*o + 0*o**2. Let i be (-1)/((-1)/6)*-1. Let d be n(i). What is the highest common factor of d and 6?
6
Suppose -2*x + 7*x - 105 = 0. Suppose -19 = -3*p - 5*z + x, -2*z + 54 = 5*p. What is the highest common factor of p and 4?
2
Let k(b) = b**2 - 2*b - 1. Let g be k(-5). Let q = g - -31. Suppose 104 = 9*y - 5*y. What is the greatest common divisor of y and q?
13
Let w be ((-12)/10)/((-40)/500). What is the highest common divisor of w and 5?
5
Suppose -6*i = -2*i. Let w be (i - 1)*-10 - -2. What is the greatest common factor of 3 and w?
3
Let d = 113 + -25. Suppose 0*a - 2*a + 22 = 0. Calculate the highest common factor of a and d.
11
Let q = 5 + -3. Let v be (2 + -3)*1 + q. Suppose s = 3 - v. Calculate the highest common divisor of 1 and s.
1
Let y = -14 + 26. Suppose 5*r = 1138 - 303. Suppose 2*x - r = -5*q, 0 = -4*x + 3*q + 276 + 123. What is the greatest common divisor of y and x?
12
Suppose g - q = 13, -3*q + q = -3*g + 41. What is the greatest common divisor of g and 75?
15
Suppose 5*l = 5*t + 1092 + 1433, -l + 504 = -2*t. What is the greatest common factor of l and 46?
46
Suppose -3*m + 7 = -2*l + 3*l, 5*l - 4*m - 35 = 0. Let s be (-28)/(-1) + -5 + l. What is the highest common factor of 45 and s?
15
Suppose 0 = -w - 3*w. Suppose -x + 1 + 6 = w. Let m(d) = d**3 - 8*d**2 + 8*d - 1. Let l be m(x). What is the highest common factor of 6 and l?
6
Let s = 4 - -18. What is the highest common divisor of s and 33?
11
Suppose 0 = 4*l + 3*t - 20, -2*l - t - 4*t = -24. Calculate the highest common factor of 16 and l.
2
Let c be 4 + 10 - (1 + 2). Let b(o) = -o + 35. Let i be b(c). Calculate the greatest common divisor of i and 8.
8
Let h(f) = 2*f - 3. Let b be h(3). Suppose -5*r - p + 95 = -6*p, 10 = 5*p. What is the greatest common factor of b and r?
3
Let w = -25 - -37. Calculate the greatest common factor of w and 24.
12
Let v be 3/((-30)/55)*(-4 - 0). What is the highest common factor of v and 77?
11
Let o = -288 + 431. What is the greatest common divisor of o and 13?
13
Let o(l) = -l**2 - 18*l + 8. Let f be o(-12). Let k = 14 - 8. Let a(s) = 4*s - 8. Let w be a(k). What is the greatest common factor of f and w?
16
Let a(v) = v + 17. Let l be a(-10). Let r(j) = -j + 9. Let c be r(l). Calculate the greatest common divisor of c and 1.
1
Let n(t) = -2*t**2 - 17*t - 11. Let q be n(-7). What is the highest common factor of q and 15?
5
Let z(t) = 4*t + 7. Let r be z(0). What is the greatest common factor of r and 1?
1
Let h(z) = z - 1. Suppose 0 = s - 0*s - 6. Suppose -l + s = 2*l. Let k be h(l). What is the greatest common divisor of k and 4?
1
Suppose 2*o = 4*r - 3*o - 921, -4*r + 951 = 5*o. What is the highest common divisor of r and 13?
13
Let u = -39 + 73. Calculate the greatest common divisor of 17 and u.
17
Let h = 15 + -7. What is the greatest common factor of h and 1?
1
Let a(w) = -2*w + 35. Let p be a(12). Suppose -2*v - 165 = -7*v. Calculate the highest common divisor of p and v.
11
Let h(n) = -22*n + 4. Let i be h(-8). Let m = -40 - -112. Calculate